
False
Is 495646 a multiple of 519?
False
Is 868 a factor of 3410372?
True
Is 240 a factor of 333131?
False
Does 29 divide 2879352?
True
Does 14 divide 89633?
False
Is 7 a factor of 138292?
True
Is 253 a factor of 4566144?
True
Does 39 divide 229203?
True
Is 106545 a multiple of 49?
False
Is 41 a factor of 3466465?
False
Is 1200269 a multiple of 19?
False
Does 65 divide 17433682?
False
Does 25 divide 357600?
True
Is 12156378 a multiple of 35?
False
Is 3763554 a multiple of 82?
True
Is 133 a factor of 734559?
True
Is 279347 a multiple of 48?
False
Does 109 divide 220297?
False
Is 18318 a multiple of 6?
True
Is 28060 a multiple of 19?
False
Is 18199515 a multiple of 15?
True
Is 394796 a multiple of 16?
False
Does 654 divide 20267579?
False
Is 4324649 a multiple of 78?
False
Does 60 divide 8049576?
False
Is 117054 a multiple of 42?
True
Is 6938111 a multiple of 20?
False
Is 10 a factor of 1672118?
False
Is 17 a factor of 3757438?
False
Does 235 divide 1632298?
False
Does 13 divide 882869?
True
Is 15 a factor of 43410?
True
Does 38 divide 3388250?
False
Is 9 a factor of 357218?
False
Does 88 divide 189544?
False
Does 194 divide 3434911?
False
Is 13 a factor of 564148?
True
Is 34805 a multiple of 2?
False
Is 6188 a multiple of 14?
True
Is 9 a factor of 3925674?
True
Does 55 divide 1118754?
False
Does 7 divide 99071?
True
Is 9 a factor of 268470?
True
Does 231 divide 1918606?
False
Does 214 divide 1873451?
False
Is 151458 a multiple of 131?
False
Does 339 divide 17620203?
True
Is 150 a factor of 1090950?
True
Is 2 a factor of 64057?
False
Does 768 divide 2456832?
True
Does 216 divide 104112?
True
Does 13 divide 500169?
False
Does 33 divide 141260?
False
Is 9 a factor of 4260105?
True
Is 1263690 a multiple of 95?
True
Is 559246 a multiple of 1078?
False
Is 263 a factor of 170687?
True
Does 257 divide 267699?
False
Does 10 divide 2148960?
True
Is 10 a factor of 27130?
True
Is 541620 a multiple of 27?
True
Is 51 a factor of 11402?
False
Is 39 a factor of 800009?
False
Is 636000 a multiple of 530?
True
Is 161 a factor of 1495794?
False
Is 16 a factor of 77159?
False
Is 19717416 a multiple of 34?
True
Does 256 divide 147200?
True
Does 293 divide 4311676?
False
Is 132 a factor of 638284?
False
Is 760410 a multiple of 85?
True
Is 21 a factor of 346164?
True
Is 87 a factor of 391422?
False
Does 8 divide 208294?
False
Is 67358 a multiple of 24?
False
Does 63 divide 39060?
True
Is 5822958 a multiple of 554?
False
Does 35 divide 69940?
False
Is 190696 a multiple of 44?
True
Is 51 a factor of 24372?
False
Does 5 divide 483985?
True
Is 494 a factor of 7808450?
False
Is 21 a factor of 1659?
True
Is 2881620 a multiple of 210?
True
Does 661 divide 8334549?
True
Is 8 a factor of 297735?
False
Is 456813 a multiple of 27?
True
Does 10 divide 171320?
True
Is 65912 a multiple of 14?
True
Is 44 a factor of 69652?
True
Is 259 a factor of 124455?
False
Is 22 a factor of 2749754?
False
Does 30 divide 186965?
False
Is 141406 a multiple of 17?
True
Is 3727707 a multiple of 43?
False
Is 417508 a multiple of 31?
True
Does 438 divide 1242606?
True
Is 225694 a multiple of 305?
False
Is 70 a factor of 1524790?
False
Is 23080 a multiple of 40?
True
Is 31659690 a multiple of 227?
True
Is 61 a factor of 233996?
True
Is 344 a factor of 140964?
False
Is 930 a factor of 9273030?
True
Is 6161570 a multiple of 12?
False
Is 38 a factor of 270498?
False
Is 276 a factor of 2914159?
False
Does 128 divide 89856?
True
Does 320 divide 7158866?
False
Is 1427163 a multiple of 22?
False
Is 451589 a multiple of 146?
False
Is 38 a factor of 312284?
True
Is 12025 a multiple of 70?
False
Is 303 a factor of 10449613?
False
Is 41 a factor of 103771?
True
Is 763530 a multiple of 15?
True
Is 469407 a multiple of 368?
False
Does 3 divide 25515?
True
Is 22 a factor of 751334?
False
Is 338134 a multiple of 297?
False
Is 1316875 a multiple of 875?
True
Is 963060 a multiple of 60?
True
Does 9 divide 8694?
True
Does 22 divide 1204298?
False
Does 4 divide 48471?
False
Is 85948 a multiple of 14?
False
Is 160 a factor of 27997556?
False
Is 23 a factor of 98244?
False
Does 20 divide 1949040?
True
Does 42 divide 2049936?
True
Is 20 a factor of 1224248?
False
Is 866943 a multiple of 567?
True
Is 1833 a factor of 3524973?
False
Does 1042 divide 4962319?
False
Does 22 divide 8783453?
False
Does 337 divide 2926171?
True
Does 46 divide 66562?
True
Is 53 a factor of 3528174?
False
Is 81 a factor of 28188?
True
Does 213 divide 84359?
False
Is 26298 a multiple of 3?
True
Is 3432845 a multiple of 5?
True
Is 125228 a multiple of 25?
False
Does 1617 divide 2284626?
False
Is 51 a factor of 1366629?
False
Is 253 a factor of 508914?
False
Is 37 a factor of 33966?
True
Is 3060045 a multiple of 135?
True
Is 48 a factor of 176400?
True
Does 26 divide 7706530?
True
Is 43 a factor of 934992?
True
Does 66 divide 19206?
True
Does 20 divide 3901040?
True
Does 524 divide 2243768?
True
Is 29 a factor of 236446?
False
Does 793 divide 979305?
False
Is 454222 a multiple of 148?
False
Is 3606169 a multiple of 36?
False
Does 1005 divide 8642827?
False
Is 56 a factor of 103264?
True
Is 564 a factor of 6247552?
False
Is 6 a factor of 336690?
True
Is 120342 a multiple of 8?
False
Is 2972950 a multiple of 185?
True
Is 221348 a multiple of 3?
False
Does 10 divide 546980?
True
Does 73 divide 789991?
False
Is 28 a factor of 101920?
True
Does 32 divide 9973664?
True
Is 29 a factor of 274184?
False
Does 244 divide 2670092?
True
Does 150 divide 32109?
False
Is 22 a factor of 395780?
True
Is 31 a factor of 91235?
False
Is 1785311 a multiple of 37?
False
Does 19 divide 26666?
False
Is 72 a factor of 67464?
True
Does 7 divide 815028?
False
Does 669 divide 2737998?
False
Is 45 a factor of 530190?
True
Is 7 a factor of 50711?
False
Is 13 a factor of 2790167?
False
Is 21336 a multiple of 56?
True
Is 391 a factor of 4801?
False
Is 20 a factor of 44380?
True
Does 15 divide 425143?
False
Does 13 divide 12243183?
False
Is 3465194 a multiple of 251?
False
Does 89 divide 192596?
True
Is 299744 a multiple of 17?
True
Is 12 a factor of 167244?
True
Does 52 divide 270244?
True
Is 1388110 a multiple of 14?
False
Is 26 a factor of 155073?
False
Is 1411502 a multiple of 21?
False
Is 2060811 a multiple of 59?
True
Is 644 a factor of 945641?
False
Is 1315208 a multiple of 116?
True
Is 1140 a factor of 9980847?
False
Is 300207 a multiple of 7?
False
Is 82 a factor of 307627?
False
Is 475 a factor of 4876331?
False
Is 44928 a multiple of 108?
True
Is 477 a factor of 4323528?
True
Is 58856 a multiple of 2?
True
Does 81 divide 1366551?
True
Is 6 a factor of 210756?
True
Is 110 a factor of 2436460?
False
Does 1059 divide 2603022?
True
Is 5 a factor of 211097?
False
Is 30592 a multiple of 260?
False
Is 1029586 a multiple of 137?
False
Is 52 a factor of 636220?
True
Is 166 a factor of 1113030?
True
Does 17 divide 16197243?
True
Does 29 divide 358489?
False
Does 2 divide 1076?
True
Does 205 divide 247845?
True
Is 394292 a multiple of 32?
False
Is 1469012 a multiple of 172?
False
Does 127 divide 5646033?
False
Is 49 a factor of 233338?
True
Is 155 a factor of 724432?
False
Is 85 a factor of 632060?
True
Is 33 a factor of 115071?
True
Is 13 a factor of 918693?
False
Does 5 divide 571070?
True
Does 8 divide 6156680?
True
Is 7782902 a multiple of 1121?
False
Is 1991709 a multiple of 603?
True
Does 15 divide 26250?
True
Is 3104376 a multiple of 968?
True
Does 28 divide 1380814?
False
Is 742560 a multiple of 105?
True
Is 6197792 a multiple of 16?
True
Is 18 a factor of 18846?
True
Does 8 divide 418368?
True
Is 12 a factor of 275076?
True
Is 1093 a factor of 3510716?
True
Does 37 divide 1117356?
False
Does 142 divide 6918391?
False
Is 54 a factor of 140104?
False
Is 171936 a multiple of 9?
True
Is 16 a factor of 2989929?
False
Is 10 a factor of 1599540?
True
Is 40 a factor of 34815?
False
Does 4 divide 3747?
False
Is 23 a factor of 65976?
False
Does 208 divide 113568?
True
Does 8 divide 1086088?
True
Is 2635723 a multiple of 66?
False
Does 88 divide 54701?
False
Is 2481465 a multiple of 15?
True
Is 14533455 a multiple of 52?
False
Is 97 a factor of 4002511?
True
Is 89789 a multiple of 17?
False
Is 14 a factor of 913796?
False
Is 7 a factor of 218400?
True
Is 255965 a multiple of 10?
F